. Let c = d - -8. Suppose -3*g + 2*r + 33 = 0, c*r - 4*r + 55 = 5*g. Is g prime?
True
Suppose -16 = -3*p + 4*k, -4*p - 4*k + 2 - 18 = 0. Suppose -3*n + 4*n - 7 = p. Is n/(-6)*4*-3 a prime number?
False
Let r be 14/2 + -5 + 4. Let x be 1/(((-21)/r)/(-7)). Suppose 0 = l + 3, -x*l = 3*y - 0*l - 171. Is y a composite number?
False
Is 158 - 1/(-1) - -4 a composite number?
False
Let u be 870/(-2) + 8/4. Let p = -210 - u. Is p a composite number?
False
Let d(b) = b**2 - 3*b - 3. Is d(-10) a composite number?
False
Let v(c) be the second derivative of -c**4/12 + 2*c**3/3 - 2*c**2 + 2*c. Let a be v(4). Is (11/2)/((-2)/a) composite?
False
Let w(c) be the second derivative of 11*c**3/2 - c**2 + 3*c. Is w(3) composite?
False
Suppose 662 = 5*j - 2023. Is j composite?
True
Suppose -180 = 2*l - 0*l. Let t = 177 + l. Is t composite?
True
Suppose -k - 4 + 1 = 0. Is 1*k/(6/(-382)) a composite number?
False
Let h(q) = 1501*q**2 - 2*q - 1. Is h(-2) prime?
True
Let s = -71 - -106. Is s a prime number?
False
Suppose i = 4*k + 951, -3*i - 2*k = -3*k - 2897. Is i composite?
False
Let a = -6 + 11. Suppose 4*f - 7 = -a*y, 6*f = 2*f + 3*y + 15. Suppose f*v + 3*d - 123 = 0, 5*v - 4*d - 48 = 121. Is v a prime number?
True
Let l(d) = 2*d - 1. Let n be l(4). Let f(g) = g**2 - 2*g. Is f(n) composite?
True
Suppose -k + 4*z = -27 + 123, -3*z + 99 = -k. Let p = k - -331. Is p a composite number?
False
Let y(x) = -3*x + 9. Let d be y(-5). Is 7040/d - 1/3 a composite number?
False
Is 2*30/(-12) - -972 a prime number?
True
Suppose -4*m = 4*v - 436, 3*m + 238 = 5*m - 3*v. Is m a composite number?
False
Let q(g) = -13*g - 10*g - 35*g + 5. Is q(-6) a prime number?
True
Let z(g) = 3*g + 8. Let v(q) = q**2 - q - 1. Let f(k) = v(k) + z(k). Is f(-6) composite?
False
Let w(g) = g**2 - 3*g - 4. Let f be w(5). Is (-202 - 5)*(-2)/f prime?
False
Let w be (16/(-12))/((-2)/(-6)). Is -2*1/w*106 prime?
True
Suppose -o - 715 = -4*g, -2*o + 172 = g - 0*o. Is g prime?
False
Let k = -10 - -99. Is k a prime number?
True
Suppose 5*b - 34 = 2*v, 5*b - 30 - 8 = 4*v. Let h(z) = z**3 - 6*z**2 + 2*z - 4. Let n be h(b). Let l = n - -29. Is l a prime number?
True
Let z(x) = -x - 3. Let g be z(-9). Let i(q) = q**2 - 5*q - 5. Let s be i(g). Is s/2*(-2 + 424) prime?
True
Suppose 4*t - 4 = -36. Let k = 4 + t. Is (174/8)/((-1)/k) composite?
True
Is 4/6 - (-19033)/21 a prime number?
True
Let f(x) = x. Let w be f(5). Suppose w*d = -485 + 1205. Suppose 4*n = b + d, 2*b = 3*n - 22 - 91. Is n a prime number?
False
Suppose -2 = -a + 3. Suppose -b + o + 4 = -a, 3*o + 17 = b. Suppose 0 = -b*m + 8 + 7. Is m composite?
False
Suppose -3*u = -u - 92. Is u prime?
False
Let s(t) = 6*t**3 - 19*t**2 - 16*t - 46. Let r(k) = -k**3 + 4*k**2 + 3*k + 9. Let m(d) = 11*r(d) + 2*s(d). Is m(5) prime?
False
Suppose -5*w = -6 + 1. Let x(d) = -242*d**2 - 14*d + 3. Let o(i) = 81*i**2 + 5*i - 1. Let n(u) = -8*o(u) - 3*x(u). Is n(w) prime?
True
Let h be (-2)/4 - (-54)/12. Suppose -h*o + 3*g + 240 = -592, 5*g + 191 = o. Is o a composite number?
False
Let y = 78 - -135. Let p = -136 + y. Is p composite?
True
Let a(s) = -s - 3. Let l be a(-6). Is (2/6)/(l/1395) a composite number?
True
Suppose -3*d - 323 = -0*o - 2*o, 3*o - 482 = 2*d. Suppose r = -0*r + o. Suppose 5*y + 682 = 5*u - 128, -u = y - r. Is u a prime number?
False
Let i(t) = -t + 1. Let l(o) = 3*o**2 - o + 3. Let m(x) = -2*i(x) + l(x). Is m(-3) composite?
True
Let p(h) = 2*h - 13. Let x be p(9). Suppose o + 165 = b, 0 = -5*b + x*o - 2*o + 821. Is b composite?
False
Let t = -1277 - -2185. Suppose t = 5*x + 183. Is x a prime number?
False
Suppose 0 = 3*g - 6, -g + 1 - 3 = 4*h. Is h/((-1)/(-46)*-1) a prime number?
False
Suppose -4*w - 785 = -3*s, 5*s + w - 2*w - 1314 = 0. Is s prime?
True
Let f = -4 - -3. Is ((-42)/3 - f)/(-1) composite?
False
Suppose 2*o - 2*m = 2049 + 2043, 6128 = 3*o - 5*m. Is o prime?
False
Suppose -5*w + 1965 = -8820. Is w a composite number?
True
Let g(x) = 876*x**3 + 2*x**2 + x - 2. Is g(1) a composite number?
False
Let r be (-3)/5 + (-18)/(-5). Is 0 - r/((-9)/12) a prime number?
False
Let i be (-1576)/(-10) - 6/10. Suppose 0 = h - 4*j - i, 4*h - j - 337 = 261. Is h composite?
False
Is (1/2)/((-1)/2)*-381 a prime number?
False
Let j = 3 + 0. Let m(l) = -4*l**2 - j*l**2 + 0 + 3*l - l**3 - 5 + 4*l. Is m(-8) a prime number?
True
Suppose -3*r - 4*o = -1048 - 353, 0 = -4*r + 5*o + 1868. Is r composite?
False
Is 1471 + 0/((-10)/5) composite?
False
Let k(h) be the first derivative of -h**4/4 + 7*h**3/3 - 3*h**2/2 - 8*h - 1. Suppose 0 = -6*t + 24 + 12. Is k(t) a composite number?
True
Let v(q) = -166*q**3 + q. Let i be v(1). Let y be 18/(-14) + (-4)/(-14). Is (-2)/((-6)/i*y) a composite number?
True
Suppose -3*m = -g - 752, 2*g - 1257 = -2*m - 3*m. Is m prime?
True
Let j(x) = -x**2 + 9*x - 5. Let i be j(9). Let o = i + -1. Is (-9)/o*(-932)/(-6) prime?
True
Let o(l) = l**3 - 9*l**2 - 12*l + 7. Let u be o(10). Is u/(2 + 9/(-3)) a prime number?
True
Let x(m) = m - 10. Let i(u) = -u**2 - 8*u - 5. Let a be i(-5). Let l be x(a). Suppose t - 5*h - 41 = l, -2*t - h + 9 = -51. Is t composite?
False
Suppose 0 = -p + 237 + 926. Is p composite?
False
Suppose 30 = 4*w - 62. Is w prime?
True
Suppose -3*g + 643 = 5*b, 0 = 4*g - 5*b - 316 - 518. Is g a composite number?
False
Let u be 2/(-1)*(-18)/12. Suppose 2*p - 3*a - 64 = 184, u*p - 377 = 2*a. Is p a composite number?
False
Let w(v) = v**3 + 5. Let m be 0/(2/4*-4). Let y be w(m). Is y/(-10) - 53/(-2) a composite number?
True
Suppose g - 50 = -350. Let x = g - -449. Is x composite?
False
Let p(b) = 7*b**2 + 7*b + 5. Is p(5) prime?
False
Let a(z) = 26*z**2. Let q be a(-1). Let r = 33 + q. Is r a prime number?
True
Let b = -202 + 38. Let w(i) = i**2 - i + 277. Let p be w(0). Let c = b + p. Is c a prime number?
True
Let b be (8/6)/(8/12). Suppose b*j = -0*j + 70. Is j composite?
True
Suppose -4*j - 4*w = -8478 + 1930, 0 = -3*j + 4*w + 4883. Is j a prime number?
False
Let z be 92/6 - 2/(-3). Suppose -3*y - z = -g + 3*g, y = -3*g + 4. Let n = 81 - y. Is n prime?
True
Suppose 0 = 3*l - 2*h - 4, -2*l - 2*l - 18 = 2*h. Let m(d) = -1 - 8*d - 2 + 1 - 1. Is m(l) a prime number?
True
Let r(m) = -12*m - 65. Is r(-22) a prime number?
True
Let g = -208 - -705. Is g prime?
False
Let l(s) be the second derivative of s**5/5 + s**4/6 - s**3/2 + s**2/2 + 2*s. Is l(2) prime?
False
Let v(b) = -b + 15. Let z be v(6). Let n(l) = -l**2 + 14*l - 10. Is n(z) a prime number?
False
Suppose 0 = 5*j - 4*j - y + 3, 23 = 4*j + 3*y. Suppose j*f = k - 217, -3*k + 2*k + f + 217 = 0. Is k a composite number?
True
Suppose -5*m = 2*m - 2219. Is m composite?
False
Suppose j - 7380 = -2*u, -4*u = -6*j + 5*j - 14766. Is u a composite number?
False
Is ((-2778)/6*-7)/(2 + -1) composite?
True
Let a = 391 - 249. Is a a composite number?
True
Let a = 3 + -2. Let o(b) = -5*b - 4. Let h be o(-4). Is 1420/h - a/(-4) prime?
True
Let q(u) be the first derivative of 83*u**3/3 - u**2/2 - 3*u - 7. Is q(-2) prime?
True
Let l be 6/(2 + (-1)/2). Is 1/l + (-579)/(-4) composite?
True
Suppose -3 = -3*j - 21. Let k be ((-3)/j)/(1/226). Let f = k + -46. Is f composite?
False
Let b(t) = -42*t - 7. Suppose -10 - 15 = 5*w. Is b(w) prime?
False
Let a = -29 + 45. Suppose 8*w = 4*w + a. Suppose 3*t + 3 = 0, -96 + 257 = 5*z + w*t. Is z a prime number?
False
Suppose j - 4 = -j. Suppose -3*h + 19 = -i + 135, -j*i - 2*h = -224. Is i prime?
True
Let f(d) = -d - 4. Let o be f(-3). Let l be (272 - o) + (1 - 0). Suppose 5*x + l = 1019. Is x a prime number?
True
Let j be (-5 - -3)/((-2)/5). Let b be 10*((-8)/j + 2). Suppose 0 = -3*f - q + 67, 0 = 4*f + b*q - 105 + 21. Is f a prime number?
True
Suppose -2140 = -2*z - 386. Is z a composite number?
False
Let f(u) = u**3 - 8*u**2 + 5*u - 8. Let o(k) = 4*k - 3. Let p be o(3). Is f(p) a prime number?
False
Let x(s) = s**3 + s**2 - 9*s + 7. Is x(6) composite?
True
Let n = 29 + -1. Let i = 49 - n. Is i composite?
True
Let c(v) = -v**2 - 18*v + 38. Is c(-9) prime?
False
Let g be (-70)/(-50) + 6/10. Suppose 9 = -3*m, -2*h + 0*h = g*m - 308. Is h a prime number?
True
Let s = 120 + -46. Is s a prime number?
False
Let o = 5 - 13. Is (-4)/o + (-138)/(-4) composite?
True
Suppose 2*m = -3*l + 2163, 2*m + 2163 = 3*l + 6*m. Is l a composite number?
True
Suppose 0*x + x = 0. S